9. Let g be o(j). Suppose 0 = -g*b - 51 + 236. What is the tens digit of b?
3
Suppose -3*k - 15 = -3*s, -3*k - 8 + 5 = s. Suppose -s*l = -4*w + 258 + 29, -4*l + 67 = w. What is the tens digit of w?
7
Let p = -36 + 30. What is the hundreds digit of p/4 - 3075/(-30)?
1
Let c(r) = 7*r + 6. Let j be c(5). Suppose 5*b + 3*y + 109 = 0, 0 = -b - 2*b + 2*y - 54. Let u = j + b. What is the units digit of u?
1
Let i = 7 + -10. Suppose 0 = -2*b + 2*d + 6 + 2, 0 = 2*b + 4*d + 10. What is the units digit of 0 + (i - b) + 12?
8
Let h(n) = 2*n**3. Let d = -22 - -25. Let f = d + -1. What is the units digit of h(f)?
6
Let h = 6 - 9. Let q = 1 - h. Suppose 22 = q*r - 22. What is the units digit of r?
1
Let n = 42 - 37. Suppose -3*u + c = -545, 0 = -n*u - 0*u + 2*c + 910. What is the tens digit of u?
8
Suppose -2*r - 3*r - 20 = 0, -4*k + 184 = -2*r. What is the tens digit of k?
4
Suppose -4*f - 5*u + 15 - 120 = 0, -4*f = -4*u + 60. Let g(z) = z**3 + 19*z**2 - 19*z + 30. What is the units digit of g(f)?
0
Let n = -14 - -145. What is the tens digit of n?
3
Let f(b) = -39*b - 10. Let x be f(-5). Let g = -99 + x. What is the tens digit of g?
8
What is the units digit of 882 + (-105)/(-6)*6/21?
7
Let o be -3 - (-1)/(2/38). Let d be (-9)/(-6)*o/(-12). What is the units digit of (10 - (d - -3)) + 0?
9
Let c = 7 - -104. What is the tens digit of c?
1
Suppose -27852 + 9546 = -27*h. What is the units digit of h?
8
Let x(k) = -2*k + 17. Let c = 45 - 59. What is the units digit of x(c)?
5
Suppose 0 = -9*y + 10 + 62. Suppose -y*v = -10*v + 8. What is the units digit of v?
4
Let g be (100/(-12))/(13/234). Let q = 313 + -531. Let l = g - q. What is the tens digit of l?
6
Suppose 3*u - 9*u - 24 = 0. Let b be (-9)/u - (-3)/(-12). Suppose 0 = b*y - 2*h + 2, -2*y + 5*h = 8. What is the units digit of y?
1
Let t = 88 + -15. Suppose q + 16 = 4*z - 9, -4*q - 139 = -3*z. Let g = q + t. What is the units digit of g?
6
Suppose 26*j = -5166 + 40942. What is the units digit of j?
6
Suppose -4812 = 6*o - 30390. What is the thousands digit of o?
4
Let n = 18 - 2. Let b = 49 - n. What is the units digit of b?
3
Let f be 70/(-28)*8/10. Let g be ((-3)/f)/(3/8). Suppose g*j = -6 + 210. What is the units digit of j?
1
Let a = 265 - -420. What is the units digit of a?
5
Let j(k) = k**2 - 21*k + 17. Let z be j(20). What is the units digit of 5 - (z - (4 + -3))?
9
Let o(k) = 1924*k + 91. What is the units digit of o(1)?
5
What is the tens digit of (-5876)/(-10) - (240/50)/(-12)?
8
Let g(i) be the first derivative of -i**4/4 + 16*i**3/3 - 5*i**2 + 15*i + 14. What is the units digit of g(15)?
0
Suppose 4*z + 2*z = 0. Suppose -9 = -p + 1. Let x = p - z. What is the units digit of x?
0
Suppose 13*f = 14322 + 56. Suppose 3*j - f = -230. What is the hundreds digit of j?
2
Let v(d) = -d**2 - 7*d - 10. Let a be v(-3). Let u(s) = 7*s**2 - 5*s + 2. What is the tens digit of u(a)?
2
Let n be 2 - 1 - (-356 + -3 + -3). Suppose -4*j + 7*j = n. What is the tens digit of j?
2
Let h(j) = j**3 + 3*j**2 - 4*j - 5. Let g be h(-3). What is the units digit of (1 - 123)/(g + -9)?
1
Let b = 77 + -75. What is the units digit of (3 - (-3 + 5))/(b/142)?
1
What is the tens digit of ((-2049)/(-6))/((-20)/(-80))?
6
Let l = -9 + 16. Let d(j) = j + 18. What is the tens digit of d(l)?
2
Let z = -18 - 5. Let b = z + 27. What is the units digit of 1/b + 174/8?
2
Let p = 9 + -14. What is the hundreds digit of (20 - -131) + p/((-10)/8)?
1
Suppose -3*v + 8 = 4*x, 4 + 2 = -2*v + 3*x. Suppose 4*j + r - 369 = -v*r, -457 = -5*j + 3*r. What is the tens digit of j?
9
Let h(i) = -i**3 + 7*i**2 - 2*i + 1. Let c = 11 + -6. Suppose l = -3*l - z + 25, 1 = l - c*z. What is the tens digit of h(l)?
2
Suppose -23*l + 3*l = -5000. What is the units digit of l?
0
Let g be 2/5*(634 - -1). Let f = g + -164. What is the units digit of f?
0
Let p be (1 - 0 - -4) + -1. Suppose 4*y = -p*v + 32, -3*y + 6 - 2 = -v. Suppose -5*b = -y*z + 40, -2*z - 4*b + 12 = -0*b. What is the units digit of z?
0
Suppose 3*s + 0*s = -q - 3, 0 = -5*s + q + 3. Suppose c - 2*o = -0*c + 75, s = -3*o - 12. What is the units digit of c?
7
Let i(g) = 2*g**2 - 12*g + 3. Let k be i(8). Suppose -2*u + k = -21. Suppose -m - c = -u, 0 = 4*c + c + 20. What is the units digit of m?
2
Suppose 4*l = -2 - 10. Let s(d) = -67*d - 5. What is the hundreds digit of s(l)?
1
Suppose -s + 19 = j - 3*s, 0 = 3*j - s - 32. Suppose 0*u = -2*u + y + j, 3*u - 2*y = 11. Let k(w) = w**2 - 7*w + 2. What is the units digit of k(u)?
2
Suppose -2*n + 149 = -v, 124*n + 3*v = 127*n - 231. What is the units digit of n?
2
Let h = -126 + 450. What is the hundreds digit of h?
3
Suppose -3*q + 23 + 715 = 0. Suppose 4*r - q - 116 = -2*o, 4*r - 353 = o. What is the tens digit of r?
8
Suppose -5*v - 5*o = -20, -2*v - 5*o + 3 = 1. Let t(h) = 7*h + 10. What is the units digit of t(v)?
2
Let q = 6 + -4. Suppose 5*h + 7 = 2*x - 0*h, -q = -2*h. What is the units digit of -4*(x/8 + -1)?
1
Suppose 0*r - r = -3. Suppose r*p - 15 = -2*p. Suppose -4*m = -p*m - 7. What is the units digit of m?
7
Let v = -22 - -15. Let y(s) = 14*s - 15. Let o be y(v). Let j = -67 - o. What is the units digit of j?
6
Let i be ((-12)/(-21))/((-2)/(-14)). Suppose -i*z + 281 = 49. Let f = z + -26. What is the units digit of f?
2
Let d(t) = -t**3 - 5*t**2 - 2*t + 11. Let s be d(-4). Let p(z) = -2*z - 6. Let b be p(-4). What is the units digit of b + (s + -2)/(-1)?
1
Let w = -61 + 65. Suppose 762 = -4*h + 9*h + w*x, -2*h - 4*x + 300 = 0. What is the tens digit of h?
5
Let y(s) = -s**3 + 8*s**2 + 13*s. Let t be y(9). Let p = t - -7. What is the tens digit of p?
4
What is the tens digit of ((-1324)/(-10))/(7 - (-2363)/(-340))?
4
Let d(g) = 3*g**2 - 10*g + 3. What is the hundreds digit of d(-9)?
3
Suppose -23225 = -9*d + 1264. What is the units digit of d?
1
Suppose -5*h + 3*u = -5, -4*h + 3*u + u = 4. Suppose o - h*m - 225 = -4*o, -4*o = 4*m - 144. Suppose -4*f = -o - 7. What is the units digit of f?
2
What is the tens digit of (22 + -5)/(4/12)?
5
Let t(f) = 180*f + 157. What is the thousands digit of t(5)?
1
Let h = 561 + 251. What is the hundreds digit of h?
8
Suppose -8*p = 9*p - 4199. What is the tens digit of p?
4
Let b be -2*1/(-6) - 322/(-42). Let r(c) = -c**3 + 7*c**2 + 10*c - 5. What is the units digit of r(b)?
1
Let b(x) = 2*x**3 + 10*x**2 + 7*x + 5. Let i be b(-4). Let a(h) = h**3 - 2 + 2*h - 4 - 9*h**2 + 3 + 2. What is the tens digit of a(i)?
1
Let n be 1/2 + 10/4. Let h = 8 - 6. Suppose -2*j - 4*f + 42 = 0, -33 = -n*j + h*f + 14. What is the units digit of j?
7
Suppose -51*w + 9310 = -37*w. What is the units digit of w?
5
What is the units digit of (-19521)/(-15) + (39/15 - 3)?
1
Let n = -543 - -1073. What is the tens digit of n?
3
Suppose -p + 22356 = 35*p. What is the units digit of p?
1
Suppose 0 = -26*w + 2251 + 6641. What is the hundreds digit of w?
3
Let c(u) = 16*u**3 + 10*u**2 - 7*u - 39. What is the tens digit of c(4)?
1
Let a = 825 + -265. What is the tens digit of a?
6
What is the units digit of (-32 - -34)*(3858/3 - 2)?
8
Let f be (0 - 0)/(6 - 4). Suppose f = 3*a - 23 + 14. Suppose -2*u - 17 = -a*u. What is the tens digit of u?
1
Suppose 50*m - 2315 = 45*m. What is the tens digit of m?
6
Let q = 64 - 60. What is the tens digit of 2/q - 1085/(-10)?
0
Let f be ((-3)/(-4) - (-18)/(-24)) + 0. Suppose 0*s + 360 = 2*k + 4*s, k - s - 177 = f. What is the tens digit of k?
7
Let o = 89 + -48. Suppose -4*y = -3*a + 146, -o = -a + 2*y + 9. What is the tens digit of a?
4
Let m = 117 - -4008. What is the tens digit of m?
2
Let s be -4 + (-6 - -5)*34. Let i = s + 87. What is the units digit of i?
9
Let l(o) = -203*o + 197. What is the units digit of l(-9)?
4
Let t = 992 - -161. What is the thousands digit of t?
1
Let p(r) = 3*r**2 + 56*r + 50. Let y(m) = 2*m**2 + 37*m + 33. Let u(n) = -5*p(n) + 8*y(n). Let b be u(-16). What is the units digit of (0 - 77)*(-12)/b?
6
Let x be 2 + (-10)/(-2) + 0. Suppose z - 712 = -x*z. What is the units digit of z?
9
Let s = 37 + 6. Suppose -4*a - s = 369. What is the units digit of 4/(-12) - a/3?
4
Suppose 316787 + 1993 = 55*z. What is the tens digit of z?
9
Let y = -26 + 26. Suppose v - 2*r + 6 = -1, 3*r = y. What is the units digit of 20/v*(-280)/16?
0
Let o = -2600 - -5152. What is the thousands digit of o?
2